st common divisor of 12 and v?
4
Suppose -256*g + 2210 = -251*g. Calculate the greatest common factor of 68 and g.
34
Let s = 400 + -385. Calculate the highest common factor of s and 10.
5
Let m(n) = -n**2 - 6*n - 4. Let c be m(-4). Let g be (-4)/38*-1 - 464/76. Let u be (4/g)/((-11)/594). Calculate the greatest common divisor of c and u.
4
Let d be 4/12*3*1*2. Suppose -f = -2, d*f = c - 145 + 34. What is the highest common divisor of c and 46?
23
Let x be ((-296)/6)/(110/(-165)). What is the highest common divisor of x and 1184?
74
Let p(c) = -c**2 - 22*c - 43. Let w be p(-19). What is the greatest common divisor of w and 658?
14
Let g = -11 + 32. Suppose -4*r + g = 1. Calculate the highest common factor of r and 55.
5
Let z(t) = 15*t - 2. Let g be z(1). Suppose g = -r + 27. Calculate the greatest common factor of r and 126.
14
Suppose -8 - 40 = -4*h. Suppose -7*q + h*q = 225. Suppose -4*z = -6*z + 30. Calculate the greatest common factor of z and q.
15
Let j = 468 - 324. Suppose 4*n = 5*k + 406 + j, 142 = n + k. What is the highest common factor of 20 and n?
20
Let y = -367 - -371. Calculate the highest common divisor of 6 and y.
2
Suppose -h - 3*b + 79 = -123, -4*b + 207 = h. Let c be 16/((1/(-2))/(-1)). Suppose 4*i - c - 36 = 0. What is the greatest common factor of h and i?
17
Suppose w = 31 - 22. Let h(t) = t**2 + 2*t + 1. Let z be h(-2). Let r be (18/4)/(z/18). Calculate the highest common factor of w and r.
9
Let z(l) be the third derivative of 13*l**4/24 - l**3/3 - l**2. Let i be z(1). Suppose -5*t - 250 + 745 = 0. Calculate the greatest common divisor of t and i.
11
Let u(f) = f**3 - 19*f**2 - 27*f + 149. Let j be u(20). What is the highest common divisor of j and 13?
1
Let k(u) = u - 3. Let j be k(2). Let q = j - -13. Calculate the greatest common factor of 3 and q.
3
Suppose -c - 100 = -6*c + 4*w, c + 3*w = 39. Let g(u) = -u**2 - 19*u - 54. Let m be g(-4). Calculate the greatest common factor of m and c.
6
Let f = -1263 + 1914. What is the highest common factor of 279 and f?
93
Let o(l) = 1 - 2 - 4 - 3*l - 2. Let n be o(-5). Suppose -3*j - 2 = -n. What is the highest common divisor of 14 and j?
2
Suppose f = 5*m - f - 7, 3*m - 29 = -5*f. Suppose 5*g = 5, m*z + 41 = 5*z - 3*g. Calculate the highest common factor of z and 2.
2
Let j be ((-12496)/44)/(5/(130/(-4))). Calculate the greatest common factor of 52 and j.
26
Let m = -113 + 190. Let g(o) be the first derivative of -o**3/3 - 11*o**2/2 - 11*o - 2. Let a be g(-9). Calculate the highest common divisor of m and a.
7
Suppose 230 = 4*o - v, -6*o + 7*o - 3*v - 63 = 0. What is the highest common factor of o and 19?
19
Let o(y) = -y**2 - 15*y + 4. Let f be o(-15). Suppose 87 = f*q + 11. What is the highest common factor of q and 171?
19
Let r = -1218 - -1263. What is the greatest common factor of 150 and r?
15
Let c be 3/2*(13 + (-98)/42). What is the highest common factor of c and 256?
16
Suppose -2*r = -4 - 4. Suppose -r = -4*p + 3*w - 0*w, -4*p + 12 = -w. Let z = 18 - p. Calculate the greatest common factor of z and 56.
14
Suppose -t = 3*y - 46, 0 = -41*t + 43*t - 4*y - 102. Let d(x) = 2*x - 2. Let c be d(5). Let o = c + t. Calculate the highest common divisor of 19 and o.
19
Suppose -4*r - 6 = 2*m, -2*m - 47 = -5*r - 5. Let z = 51 + m. What is the greatest common factor of z and 5?
5
Suppose 0 = 505*b - 493*b - 120. Let l be (-4)/(-6)*6/4. What is the highest common divisor of b and l?
1
Let b be ((-9)/(-6))/((-1)/(-2)). Let a(v) = v**3 - v**2 + v - 4. Let o be a(b). Let x = -9 + o. Calculate the highest common factor of x and 64.
8
Let l(w) = w**3 + 8*w**2 - 20*w + 6. Let o be l(-10). Calculate the greatest common divisor of 8 and o.
2
Let q(u) = -u**2 + 32*u - 66. Let o be q(10). Calculate the greatest common divisor of o and 63.
7
Let w(f) = -9*f + 322. Let b be w(23). What is the greatest common divisor of b and 391?
23
Let f(v) = -v**2 + 24*v - 27. Let j be f(21). Suppose 2*a + 20 - j = 0. Calculate the highest common factor of 88 and a.
8
Let v(q) = 5*q**2 + 21*q + 18. Let r be v(-5). What is the greatest common factor of 190 and r?
38
Let x be (-326)/(-6) + (-8)/72*3. Calculate the highest common factor of x and 729.
27
Let a(p) = -p**2 + 7*p - 19. Let d be a(9). Let o = d - -70. Calculate the highest common factor of o and 3.
3
Suppose 2*g - 26 = -q, -4*g = q - 14 - 4. Calculate the highest common divisor of 306 and q.
34
Let n = 177 - 125. Suppose 11*m - 195 = -n. What is the greatest common factor of m and 104?
13
Let k be (-8)/(-6)*(-2 - (-7)/2). Suppose 3*r - 2*s - k*s = 40, -35 = -3*r - s. Calculate the highest common factor of 132 and r.
12
Suppose -3*p - 3*w + 14 = -13, 43 = 3*p - 5*w. Let i = -6 + p. Suppose -2*f + 47 = i. What is the greatest common divisor of 7 and f?
7
Let c(d) = d**3 - 6*d**2 + 8*d + 1. Let s be c(4). Let l be (1 + s)*(-84)/(-12). What is the highest common divisor of 2 and l?
2
Let l = 11 + -2. Let m(t) = 34*t**3 + t**2 + 1. Let k be m(1). What is the highest common factor of k and l?
9
Let r = 187 - 98. Suppose 271 + r = -4*d. Let f be (-2*1)/(20/d). What is the highest common divisor of f and 72?
9
Let x(k) = -4*k**2 + 69*k - 55. Let z be x(16). What is the highest common divisor of z and 1225?
25
Let i be 25*2/8*4. Let s be ((-450)/72)/((-1)/36). Calculate the greatest common factor of s and i.
25
Let o(m) be the second derivative of 11*m**3/6 - 6*m**2 - 21*m. Let g be o(7). Calculate the greatest common factor of 13 and g.
13
Let j(l) = -21*l + 1. Let t be j(2). Let i = 56 + t. Calculate the highest common divisor of 15 and i.
15
Suppose -5*h - 17 = 5*j - 97, -2*h = -3*j - 12. Calculate the greatest common factor of h and 300.
12
Suppose 0 = v - 0*v - 21. Let j be (3 - v/6)*-12. Let g be 12 + (-2 + j)*1. Calculate the highest common divisor of g and 2.
2
Suppose 4*s - 34 = -n, 2*s + 5 = -5*n + 13. Calculate the highest common divisor of 12 and s.
3
Let p(w) be the third derivative of w**5/60 - w**4/3 - 10*w**3/3 - 38*w**2. Let n be p(11). Calculate the greatest common divisor of n and 117.
13
Let z be (1/((-1)/3))/(0 - 1). Suppose z + 32 = 7*p. Let v(f) = 22*f + 1. Let b be v(2). What is the greatest common factor of b and p?
5
Let d = -301 + 736. Let c = -227 + d. What is the highest common divisor of 26 and c?
26
Suppose -5*t - f = 637, 3*t - 2*f = -222 - 168. Let u be (t/(-2) - 3) + -1. What is the highest common factor of 12 and u?
12
Let b = 406 + -379. Calculate the greatest common divisor of b and 3.
3
Let b(i) = -i + 21. Let g be b(21). Let y = -257 + 419. Suppose g*u = -u + y. Calculate the greatest common divisor of 18 and u.
18
Let y(b) = 42*b - 2. Suppose 12 = -3*g + 5*h, -5*g - 2*h + 0*h = -11. Let u be y(g). What is the highest common factor of 60 and u?
20
Let y be 5859/(-12)*(-136)/51. Calculate the greatest common factor of y and 14.
14
Suppose 4*w = -60 - 20. Let b = w - -42. What is the highest common factor of 242 and b?
22
Let z(i) = 8*i + 1. Let u be z(1). Let p = 137 - 74. Calculate the highest common divisor of u and p.
9
Let a(f) = 29*f + 1695. Let y be a(-57). Suppose -2 = 2*t, d - 5*t - 95 = 15. What is the greatest common divisor of d and y?
21
Let x = -496 - -631. What is the highest common factor of 60 and x?
15
Suppose 10*u - 5*u - 435 = 0. Calculate the greatest common divisor of 3 and u.
3
Suppose 2340 = 277*o - 247*o. Calculate the highest common factor of o and 195.
39
Suppose 20 = 4*n + 4*s, -2*s - 1 - 10 = -5*n. Calculate the highest common divisor of n and 471.
3
Let m = 316 + -181. What is the highest common divisor of 27 and m?
27
Let u(t) be the first derivative of -t**2 - 11*t + 1. Let s be u(-10). Let p = 4 + s. Calculate the greatest common factor of 13 and p.
13
Let h = -19 - -5. Suppose -26 = k - 2*k. Let r = h + k. What is the highest common factor of r and 18?
6
Let f(p) = p - 6. Let g be f(18). Let z = -122 - -134. What is the greatest common factor of g and z?
12
Suppose -37*v = -828 - 1170. Let s = -52 + 88. What is the greatest common factor of s and v?
18
Let c = 32 - 28. Let w(f) = f + 11. Let y be w(c). What is the greatest common divisor of y and 105?
15
Suppose -324 = 248*b - 260*b. Calculate the greatest common factor of b and 180.
9
Suppose 0 = 4*k + 3*t - 64, -5*k + 10*k + t -